 What is the units digit of (6/(-5))/(c/(-100))?
5
Let f(r) = 2*r**2 + 6. What is the units digit of f(-6)?
8
Suppose -3*c + 0*c + 12 = 0, -544 = -2*l + c. What is the tens digit of l?
7
Let h(u) = 76*u - 1. Let j be h(-1). What is the tens digit of 14/j - (-246)/22?
1
Let m(a) be the second derivative of -a**5/60 + a**4/8 - 2*a**3/3 - 4*a. Let x(k) be the second derivative of m(k). What is the units digit of x(-6)?
5
Suppose 0 = m + 3*q + q - 12, 4*m - 5*q + 57 = 0. Let x be (-2)/(-5) + m/(-5). Suppose -3*d + 0*d - x*a = -16, -3*a + 25 = 5*d. What is the units digit of d?
2
Suppose w - 11 = 43. What is the tens digit of w?
5
Let g(j) = j + 7. Let l(z) = 6. Let p(r) = -4*g(r) + 3*l(r). What is the tens digit of p(-7)?
1
Let o(c) = -c - 5. Let u be o(-7). Suppose -5*z + 4*l - u = 0, -3*z + 4*l - 2 = 4. What is the units digit of z?
2
Let k(b) = b**3 - 12*b**2 + 9*b + 28. What is the hundreds digit of k(12)?
1
Let a(u) = -u + 1. Let i(y) = -y. Let g(t) = -3*a(t) + i(t). Suppose -3*l + 1 = -5. What is the units digit of g(l)?
1
Suppose -3*y - g - 13 = 2, 3*g + 15 = -3*y. Let s = y + 3. What is the units digit of s + (-1)/(2/(-6))?
1
Let d(y) = y**3 - 13*y**2 + 18*y - 37. What is the units digit of d(12)?
5
Suppose 3*q = 7*q + 2*c - 322, -63 = -q - 4*c. What is the units digit of q?
3
Let z = -82 + 198. What is the hundreds digit of z?
1
Let j = 448 + -194. What is the hundreds digit of j?
2
Let m(h) = -2*h - 1. Let t be m(1). Let u(v) = -v**3 - 4*v**2 - 3*v + 4. What is the units digit of u(t)?
4
Let x = 3 + 5. Suppose 4*g - 44 - x = 0. What is the tens digit of g?
1
Let w be 11/(-2) - 3/6. What is the units digit of w/21 - (-65)/7?
9
Let n(u) be the second derivative of -2*u - 7/12*u**4 + 0 + 1/6*u**3 + 0*u**2 + 1/20*u**5. What is the units digit of n(7)?
7
Let p(n) = n**3 - 8*n**2 + 6*n + 9. Suppose 3*l + 3 = 24. Let m be p(l). Suppose 5*d - 46 = -3*j, -j + 4 = j - m*d. What is the units digit of j?
7
Suppose 2 = 2*q - 2. Suppose -2*m = n - 99, 2*m = 4*n - q*n + 90. What is the tens digit of m?
4
What is the units digit of -2 + (-60)/(9/(-3))?
8
Let n = 20 + -6. Suppose 4*f - 62 = -n. What is the tens digit of f?
1
Let w(q) = 13*q. Let x be w(-1). Let s = 26 + x. What is the units digit of s?
3
Suppose 0 = -z - n + 27 + 8, 5*z = 4*n + 193. What is the tens digit of z?
3
Suppose -137*n + 132*n = -1595. What is the hundreds digit of n?
3
Let w = -8 - -4. Let n(f) = f**3 + 6*f**2 + 3*f - 5. What is the tens digit of n(w)?
1
Let j be (-1 + (3 - 2))*-1. Suppose -2*w = z - 2*z - 59, 5*w - 3*z - 149 = j. What is the units digit of w?
8
Let d be (-2)/(-5) + (-46)/(-10). Suppose s + 2*s - d*p = 53, 5*s - 115 = -5*p. What is the units digit of s?
1
What is the hundreds digit of 9/21 + (-2469)/(-21)?
1
Let k = -6 - -3. Let w(v) = v**3 + 2*v**2 - 5*v - 4. Let a be w(k). Suppose 0 = -0*z + a*z - 16. What is the units digit of z?
8
What is the units digit of (-18)/42 - 114/(-21)?
5
Let k be -6*(-6)/(-9) - -39. What is the units digit of (-2)/7 + 1025/k?
9
Suppose 2*w = 2*p + 314, -2*p = -5*w - 0*p + 773. What is the units digit of w?
3
Let n = -28 - 56. Let c = -39 - n. What is the units digit of c?
5
Suppose m - 3 = -0. Suppose 4*t = 5*z + 101, -10 - 57 = -m*t + 2*z. What is the units digit of t?
9
Let b = 15 - -104. What is the tens digit of b?
1
Suppose k + 8*w = 3*w + 48, 150 = 5*k - 5*w. What is the tens digit of k?
3
Let n be -3*((-32)/(-6))/(-4). Let b be (-9 + 0)/(n/(-8)). Suppose r + 19 = -4*u + 52, 0 = -u + 5*r - b. What is the units digit of u?
7
Let w be 2/(-2) + (-6 - 3). Let p = w - -6. What is the units digit of (19 + -1)/(p/(-2))?
9
Let y(k) = -10*k - 26. What is the tens digit of y(-10)?
7
What is the units digit of (-174)/9*9/(-6)?
9
Let y(p) = -p**2 - 4*p + 9. Let v be y(-5). Suppose -8*i + v*i + 176 = 0. What is the tens digit of i?
4
Let j = -11 + 15. Let y = -4 + j. Let f = y - -21. What is the tens digit of f?
2
Let y(h) = -h**3 + 6*h**2 - 5*h + 2. Let j be y(5). Let v = 1 + j. What is the units digit of v?
3
What is the tens digit of (-3 + 21/5)*110/3?
4
Suppose -19 = -4*h - 3*j, 0*h + 3*h = -4*j + 16. Suppose -h*g + 3*g + 3 = 0. Suppose g*m + 4*f - 18 = 0, -5*f + 18 = 2*m + m. What is the units digit of m?
6
Let u(d) = 3*d + 4. Let y be u(-3). Suppose 5*m - 2*o + 75 = 0, -5*o - 60 = 4*m - 3*o. What is the units digit of -10*(m/(-6))/y?
5
Suppose 0 = -v - v + 68. What is the units digit of v?
4
Let s be (-6)/(-9)*(-6)/(-2). Suppose s*l + 10 = 7*l. What is the units digit of l?
2
Suppose 4*w - 5*w = -2*x + 687, -w = 2*x - 677. What is the units digit of x?
1
Suppose -o + 4*o - 149 = 2*q, -206 = -4*o - q. What is the units digit of o?
1
Suppose -5*a = 3*v - 203, 3*a - 5*v - 92 = 23. What is the tens digit of a?
4
Suppose 0 = 5*q - 4*q - w - 4, -3*w + 4 = q. What is the units digit of 30/q + 2/(-4)?
7
Let h(a) = -a - 13. Let x be h(-7). Let i be (-4)/(-24) + (-77)/x. Let n = -7 + i. What is the units digit of n?
6
Let q = -73 - -114. What is the units digit of q?
1
Let q = 370 - -6. What is the tens digit of q?
7
What is the units digit of 1 + 1 + (7 - -191)?
0
Let o(n) = -n**3 + n**2 + 1. Let d(k) = -3*k**3 - k**2 - 2*k - 2. Let b(w) = -d(w) + 4*o(w). What is the tens digit of b(5)?
1
Let p(h) = -16*h + 6. What is the tens digit of p(-3)?
5
Let w = 6 + -9. Let p be (-6)/(-4)*(-4)/w. Suppose -2*j + o = -5 - 4, p*j + 4*o = 4. What is the units digit of j?
4
Let q = -9 + 14. Suppose 4*x - 44 + 8 = -4*s, 72 = 4*s - q*x. What is the units digit of s?
3
Let d(p) = -p**2 - 2*p + 4. Suppose -2*c + 6 = 0, -11 = 2*x - 3*c - 2*c. Let j be 2/(-4) - 5/x. What is the units digit of d(j)?
1
Let n(s) = -2*s - 1. Let q = 5 - -1. Suppose -q = 4*j - l, 4*j = j + 5*l - 13. What is the units digit of n(j)?
1
Let i(x) = -x + 2. Let y be i(-3). Let g be ((-4)/(-10))/((-1)/y). What is the units digit of 2/g + -2 + 11?
8
Let s(c) = 297*c**3 + c + 1. What is the units digit of s(1)?
9
Suppose 3*v - 4*j - 203 = -2*j, 2*j = 5*v - 333. What is the tens digit of v?
6
Suppose 2*c + 4 = 3*c. Let k(o) be the first derivative of o**3/3 - o**2 - 2. What is the units digit of k(c)?
8
Let l = 12 - 10. Suppose -10 = -b + 2*t - t, -l*b + 5 = 3*t. What is the units digit of b?
7
Let g be 71 - (-3)/1 - -1. What is the units digit of (g/9)/((-1)/(-3))?
5
Suppose 13 = -3*b + 5*o, -5*o - 34 = 5*b - o. Let s(n) = -n**2 - 4*n + 7. Let u be s(b). Let t = u + 9. What is the units digit of t?
4
Let k = 22 - -4. Let b be (-3)/5 + k/10. Suppose 3*h + m + 4*m - 24 = 0, 33 = 3*h + b*m. What is the units digit of h?
3
Suppose 5*h + 3*g - 756 = 0, 3*h - 133 = -5*g + 327. What is the tens digit of h?
5
Let z(t) = -t**2 + 13*t - 16. What is the units digit of z(8)?
4
Let d(i) = i**2 - 7*i + 7. Let s be d(6). Let l = 2 + s. Let x = l + -2. What is the units digit of x?
1
Suppose -q + 18 = 5*u, 4*u + 5*q = 2*u - 2. Suppose -g + u*g + 12 = 0. Let a = 4 - g. What is the units digit of a?
8
Suppose -6*u - 258 = -9*u. What is the tens digit of u?
8
Let d = 93 + -91. Let x = 0 + 7. Suppose -x*k = -d*k - 55. What is the units digit of k?
1
Let y = 12 + -13. Suppose -4*f + 5*f + 5 = 0. Let m = y - f. What is the units digit of m?
4
Let q = -4 - -7. Suppose -w + 5*m = 5, 0*m = 2*w + q*m - 16. Suppose 28 = 3*n - 6*b + w*b, -2*n = -2*b - 16. What is the tens digit of n?
1
Let v = -36 - -18. Let c be 9/18 - v/(-4). What is the units digit of 3 - ((-2 - -3) + c)?
6
Suppose -3*l + 691 = -n, 0 = -2*l + 5*n - 56 + 495. What is the tens digit of l?
3
Let w(s) = -s**3 + 11. What is the units digit of w(0)?
1
Let k(h) be the first derivative of 3*h**2/2 - 14*h + 1. What is the tens digit of k(11)?
1
What is the tens digit of (-18)/(-3)*22/3?
4
Suppose 0 = -10*b + 5*b + 20. Suppose b*k - 58 = 90. What is the tens digit of k?
3
Suppose -11 = k + 2*k + 4*t, 5*k - 3*t - 1 = 0. Suppose -4*l = -l - 39. Let a = l - k. What is the tens digit of a?
1
Let c = 6 - -56. What is the tens digit of c?
6
Let x = 10 + -8. Suppose 5*i + 3*l = 2*l + 85, x*i + 5*l - 57 = 0. What is the units digit of i?
6
Suppose 1 = -0*u + u - i, 3*i = -3. Suppose -2*c + 1 + 1 = u. Let y = c + 5. What is the units digit of y?
6
Suppose -3*v - 3*v + 318 = 0. What is the tens digit of v?
5
Let l(r) = -r - 7. Let p be l(-9). Let y(s) = 2*s**2 + 